5 + -3?
-2
What is the value of (14 - 4) + -1 - ((2 - 4) + 22)?
-11
Calculate -4 - ((2 - -8) + -2 + -1).
-11
What is the value of -52 - -68 - (-8 + (0 + -4 - -6))?
22
What is 4 + (1 - (-4 + 6)) + (-5 - 15)?
-17
-12 - (7 - (16 + -6) - -3)
-12
What is 17 - (20 - 3 - 6)?
6
-2 + 30 + (13 - 1 - 19)
21
What is 32 + (-12 - (8 + -6)) + 12?
30
What is -9 + 19 - 12 - -7?
5
Evaluate (2 - (-1 - 4)) + (20 + -20 - -1).
8
Calculate -3 - -1 - (-33 + 31) - 4 - 0.
-4
What is the value of (-1 - 1) + -2 + -16 - (-801 + 792)?
-11
Evaluate (12 - (-23 + 17 + 11 + 4)) + -17.
-14
3 - 2 - (-4 - -2) - (52 + -46)
-3
Evaluate 24 - (-33 - -21) - 47.
-11
Evaluate (1 - (-6 + 18)) + 9 + (-2 - 9).
-13
-16 + 16 + (14 - 14)
0
Evaluate 23 + (-9 - -7) + -20.
1
What is the value of -2 + (-6 - (10 + -11)) + (0 - 7)?
-14
What is the value of 10 - (-8 + (0 - -12)) - 16?
-10
What is the value of -10 - 22 - -6 - -22?
-4
8 + (-4 - -2) + (30 - (11 + 26))
-1
(-1 - -7) + 3 - (-6 + 2)
13
What is (3 - 3) + 4 + (-3 - -18 - -3)?
22
Evaluate 15 + -6 + 0 + 92 + -122.
-21
Calculate -15 - -5 - (3 + (-4 - 3)).
-6
1 + -6 + 18 + -30 + 19 - -11
13
-6 - (7 - (21 - (5 - -3)))
0
Evaluate (-8 - (9 - 25)) + -19.
-11
Calculate 38 + (-6 - 45) - (0 + -30).
17
(-7 - -31 - 7) + 20
37
Calculate -3 - (1 + 1) - (25 - -13 - 18).
-25
What is 19 + 18 + -32 - 2 - 8?
-5
What is -22 + 30 + 12 - -14?
34
What is 9 - (32 - (43 - 19))?
1
Evaluate 12 - (32 - 34 - -22).
-8
What is the value of 9693 - 9736 - (3 + -1 - (2 + 11))?
-32
7 + (2 - (0 + -5 + 1))
13
Evaluate -4 + 7 + (-7 - 3) + 1.
-6
Evaluate -5 + -39 - (75 + -121).
2
Evaluate 4 + (-6 + 9 - 4) + 3 + -1.
5
Evaluate -5 + (-5 - -23 - 10) + 31.
34
Evaluate (-7 - (-5 - 2 - -5)) + 55 + -25.
25
Calculate -9 + (3 + (10 - 5) - (13 + -5)).
-9
Evaluate (-290 - -323) + (-3 - -2).
32
-50 + 76 - (-12 - -46)
-8
Calculate -22 - ((22 - -1) + -8 + -5).
-32
(-43 - -8) + 14 + 11
-10
-9 - (-8 - 7 - -25)
-19
56 - 59 - (-23 + 6)
14
Evaluate (27 - (-1 + 10) - 11) + -6.
1
(7 + -36 - -50) + 0
21
What is the value of (17 - (27 + -10)) + -11?
-11
-7 - ((1 - 0) + -10)
2
What is the value of -12 - ((1 - 1) + -2 + -4)?
-6
Calculate 4 - ((2 + 1 - 2) + 57 + -49).
-5
Calculate 168 + -182 + 13 + -1.
-2
Evaluate 4 - (-7 - -12 - (7 + 6 + -11)).
1
-46 - -13 - -15 - (-45 + -6)
33
What is the value of -15 + 15 + (-14 - -18)?
4
8 - (10 - -6 - 1)
-7
What is the value of (10 - 0) + -6 - 16 - -33?
21
What is 44 - 38 - 5 - (-1 + 7)?
-5
What is the value of 0 - (1 - (5 - -2)) - (-1485 - -1475)?
16
11 + (-7 + 11 + -6 - 7 - -6)
8
What is the value of (19 - 44) + 39 - (0 - -2)?
12
Calculate 74 + -68 + 1 + 2 + -19.
-10
What is the value of (-4 - (11 + -13)) + -9?
-11
What is 44 + -15 - 41 - 17?
-29
Evaluate -16 + 5 + 16 + -16.
-11
Evaluate 6 + -2 + -3 + -7 + 3 - -5.
2
What is -129 + 130 + (26 - -2)?
29
Evaluate -20 - (18 + -28 + 0).
-10
What is the value of 12 - (-8 + (-7 + 10 - 8))?
25
3 - 1 - 11 - (-13 + -1)
5
Calculate 9 - (3 - 2 - -4 - 10).
14
Calculate 1 + 26 + 783 + -843.
-33
Evaluate -25 + (-9 + 7 - -10) + -13.
-30
What is the value of 22 + (-17 - -6) + -5 + 11?
17
What is 27 + -4 + -21 - (9 + -1 + 0)?
-6
What is (16 - -1) + (-85 - -67)?
-1
What is 23 + (14 - 24) - 18?
-5
Evaluate 0 - (7 - (9 + -33) - 7).
-24
(63 - 70 - (20 - 0)) + 8
-19
Evaluate 17 + -11 - (1 + -4 + (0 - -2)).
7
What is the value of (-13 - 1) + -160 + 176?
2
What is (12 - (-9 + 33)) + -20 - (-9 - -1)?
-24
What is the value of -8 + -7 + (-13 - -17 - 12)?
-23
Evaluate 20 - (12 + 1) - 10.
-3
What is the value of (12 - 4) + 5 - 1?
12
What is the value of 9 + -12 - (9 - 5 - (-34 + 18))?
-23
Calculate (-34 - -34) + 5 + (2 - 3) + 3.
7
Evaluate -18 + 14 - (28 + -15 + -6).
-11
Calculate (35 - 29) + 2 + 0 + -5 + -20.
-17
What is the value of -233 + 236 - (14 - 1)?
-10
Evaluate 2 + 3 + 9 + (2 - (-9 - -11)).
14
What is the value of 94 + -100 - (-22 + 1)?
15
Evaluate 5 + 4 + 9 + -9 + 4.
13
-1 + 2 + 15 + (-1 - 4) + 6
17
Evaluate -22 - (-6 - 2 - (0 - 8)).
-22
1 - (-1 + 0 - -7) - (1081 + -1099)
13
What is the value of 14 - 22 - (-1 + (-5 + 4 - -5))?
-11
What is 7 + (56 - 38 - (-8 + 1)) + -8?
24
What is -8 + -18 + 3 - -19?
-4
-20 + 17 - (-9 - 1)
7
What is -478 + 490 + (-21 - 0)?
-9
What is (-5 - -6 - -5 - 12) + 9?
3
What is 8 - 2 - (-2 + 19 + -10)?
-1
What is the value of -41 + 35 + 5 + -3 + -2 + -1?
-7
(-4 - (-10 - 0)) + (16 - 29)
-7
What is the value of (-56 - -25 - (2 + -10)) + 0 + 8?
-15
What is the value of 8 + (-41 + 42 - (18 + -1)) + -7?
-15
-3 - (-14 - -24 - (20 - 3))
4
1 - -1 - (-17 + (13 - (-12 + 14)))
8
Calculate -6 + (-3 - -3) + -7 + 30 + -2.
15
What is the value of 264 + -268 + (-5 + -1 - 4)?
-14
17 + 5 + 2 - 18
6
What is 18 + (-6 - (3 - -7 - 12))?
14
Calculate -8 + 15 + -3 + -15 + -10 - 5.
-26
What is 8 + (4 - 12) - (-16 + (-1 - -2))?
15
What is -9 + (-200 - -195) + 30 + -1?
15
What is -7 - (-12 + -2 + -6)?
13
Evaluate 2 + 15 - (-5 + -13 - -11).
24
What is the value of -23 + (0 - 7 - -17)?
-13
Calculate 7 - (3 + -5 + 5 + 0).
4
What is the value of 0 + (10 - 17) - -16 - 5?
4
Calculate 9 + -4 - (17 + 3 + -13).
-2
Evaluate (0 - 1 - 1) + -16 + 24 + -17.
-11
Calculate 14 + 3 + -12 + -3 - (-1 + 13).
-10
Evaluate 1 + (0 + 33 - (-527 - -541)).
20
(34 - 27) + (2 - (-1 - (-5 + 8)))
13
Calculate (-3 - -10) + -8 + 6 + -15.
-10
Calculate (-14 - (17 - 5)) + 17.
-9
What is the value of (-1 - -11) + 18 + -24 + -20?
-16
What is 13 + -139 + 133 + 0 + -1?
6
Evaluate 2 - (-33 + 24 + (5 - -3)).
3
Calculate -5 - (-10 + 7 - 2) - (-4 - 2).
6
Evaluate (1 - (-5 + (6 - 0))) + (-2 - -2).
0
2 + (-8 - -31) + -13
12
Evaluate -15 - (-226 + 227 - (1 - -41)).
26
What is the value of 2 + -11 - (-39 + 32) - -3?
1
What is the value of (6 - (12 - 1) - -10) + 1 + -18?
-12
What is 14 - 10 - (3 - -18) - -26?
9
What is 1 + 3 + 3 - (9 + 1 + 19)?
-22
Calculate 3 + 2 + -16 + -7 + 12.
-6
Calculate -2 + -4 + -9 + (5 + -5 - -3).
-12
-1 - (5 + -2) - (-15 - (-10 - 14))
-13
What is the value of (17 - 18) + -5 + 4 + 11 + 15?
24
Calculate -1 + 9 + -10 - -10.
8
Calculate (4 + 2 - -2) + -10 + 10.
8
Evaluate -3 - (3 + (6 - (-10 + 2))).
-20
What is 6 + 7 + -17 - -4?
0
Evaluate 65 + 15 + -42 + -2.
36
Evaluate -3 - (13 - (15 - 18 - 0)).
-19
Evaluate -16 - (-9 + -10 + 10 - -4).
-11
What is -31 + 25 + (9 - -5)?
8
What is 8 + -8 - 0 - 1 - -9?
8
Calculate -45 - (-29 + -25 + 31).
-22
24 - (-13 + 5 + 0 + 3)
29
What is the value of (-9 - (21 - 10)) + 30?
10
25 + -18 + -17 + (-10 - (-3 + 1))
-18
Calculate 17 - (2 - (9 + -15 + 0)).
9
What is -15 + -6 + (-6 - (-6 - 8))?
-13
What is (4 - 2) + 9 + (10 + -5 - 12)?
4
What is (3 - (-5 + 3)) + (31 - 46)?
-10
Evaluate -26 - -12 - -3 - (9 + -20).
0
What is the value of 13 - (19 - (-13 + 12))?
-7
What is the value of -17 + 2 - -4 - (8 - 12)?
-7
What is 9 + -2 + -4 - (-11 - -1 - -2)?
11
2 + 1 + (-22 - (-23 - -11)) - -1
-6
What is the value of -13 + 3 + -396 + 386?
-20
What is -3 - (0 + -3) - (-14 - -14)?
0
Calculate -26 + 26 - (-4 + 4).
0
What is the value of -41 + -9 + 0 + (67 - 11 - 39)?
-33
What is the value of 7 + (-37 - -20) + 4?
-6
Calculate 17 + (18 - 9) + -31.
-5
What is (7 - (27 - 14) - -10) + -4?
0
What is the value of (12 - 4) + -29 + 6 - -3?
-12
Evaluate 9 + -23 + 12 + (-3 + 1 - -1).
-3
What is 2 + (-17 - -51 - 6 - 13)?
17
What is the value of -14 - -13 - (-7 + -2) - (27 + -2)?
-17
-96 + 103 - ((-3 - -5) + -3)
8
What is the value of -104 - -123 - (0 - -12)?
7
Calculate 6 + 2 + (39 - 42).
5
What is the value of (1 - (2 + 6) - -1) + 3 - 6?
-9
Calculate -25 + (91 - 101 - (3 + -30)).
-8
4 + -2 + -6 - (-59 + 42)
13
What is (29 - 40) + 12 + -1 + 5 + -15?
-10
Evaluate 39 + -35 - -32 - 19.
17
Evaluate (0 - -5) + (-40 - -27 - 3).
-11
56 + -45 - -9 - 2
18
-9 - ((0 - 2) + 0 - (42 + -45))
-10
1 - -5 - (-216 + 231)
-9
Calculate -1 + 13 - (78 + -37 + -47).
18
(10 - 4 - 7 - 2) + -2 + -2
-7
Calculate ((-42 - -6) + -7 - -17) + -1.
-27
-8 - (-14 + (-5 - -12) + -8)
7
1 + -4 - (-9 + -27 + 6 + 8)
19
-1 + -1 + (0 - (9 + -16)) + -18
-13
What is 2 - ((185 - 188) + (1 - (0 + -7)))?
-3
Calculate -17 - 6 - -17 - -20.
14
17 + (5 - (5 + 1) - -3 - 6)
13
Evaluate 25 - ((5 - -12) + 12).
-4
Calculate -2 + -1 + (-20 - -17).
-6
-5 + -8 + 4 + (7 - -1)
-1
Evaluate (-53 - -55) + (-9 + 0 - 0).
-7
-36 - (-3 + -5 + -11)
-17
Calculate (64 - 33) + (-24 - 3).
4
Evaluate -18 + (-5 - (4 - 10)) + 8.
-9
